{"id":1864,"date":"2023-04-01T20:16:03","date_gmt":"2023-04-01T23:16:03","guid":{"rendered":"https:\/\/newservicestihl.com\/wpp\/?page_id=1864"},"modified":"2023-04-01T20:16:03","modified_gmt":"2023-04-01T23:16:03","slug":"keep-calm-ya-casi-llegamos","status":"publish","type":"page","link":"https:\/\/newservicestihl.com\/wpp\/es\/keep-calm-ya-casi-llegamos\/","title":{"rendered":"Keep calm, ya casi llegamos&#8230;"},"content":{"rendered":"\n<p>Con cada edici\u00f3n, buscamos mejorar el contenido y la apariencia de este importante canal de comunicaci\u00f3n de STIHL a su red. Sigue acompa\u00f1\u00e1ndonos para que podamos superar tus expectativas.<\/p>\n\n\n\n<p>\u00a1Comenta aqu\u00ed lo que falta para que esta edici\u00f3n sea TOP!<\/p>\n\n\n\n","protected":false},"excerpt":{"rendered":"<p>Con cada edici\u00f3n, buscamos mejorar el contenido y la apariencia de este importante canal de comunicaci\u00f3n de STIHL a su red. Sigue acompa\u00f1\u00e1ndonos para que podamos superar tus expectativas. \u00a1Comenta aqu\u00ed lo que falta para que esta edici\u00f3n sea TOP!<\/p>\n","protected":false},"author":1,"featured_media":0,"parent":0,"menu_order":0,"comment_status":"open","ping_status":"closed","template":"","meta":{"footnotes":""},"class_list":["post-1864","page","type-page","status-publish","hentry"],"_links":{"self":[{"href":"https:\/\/newservicestihl.com\/wpp\/wp-json\/wp\/v2\/pages\/1864","targetHints":{"allow":["GET"]}}],"collection":[{"href":"https:\/\/newservicestihl.com\/wpp\/wp-json\/wp\/v2\/pages"}],"about":[{"href":"https:\/\/newservicestihl.com\/wpp\/wp-json\/wp\/v2\/types\/page"}],"author":[{"embeddable":true,"href":"https:\/\/newservicestihl.com\/wpp\/wp-json\/wp\/v2\/users\/1"}],"replies":[{"embeddable":true,"href":"https:\/\/newservicestihl.com\/wpp\/wp-json\/wp\/v2\/comments?post=1864"}],"version-history":[{"count":2,"href":"https:\/\/newservicestihl.com\/wpp\/wp-json\/wp\/v2\/pages\/1864\/revisions"}],"predecessor-version":[{"id":1866,"href":"https:\/\/newservicestihl.com\/wpp\/wp-json\/wp\/v2\/pages\/1864\/revisions\/1866"}],"wp:attachment":[{"href":"https:\/\/newservicestihl.com\/wpp\/wp-json\/wp\/v2\/media?parent=1864"}],"curies":[{"name":"wp","href":"https:\/\/api.w.org\/{rel}","templated":true}]}}